= -6*s. Let d = -1964 + 1974. List the prime factors of s/d*(-7 - -2).
2, 7, 11
Suppose -5*n = -9*n + 5*t + 212616, 0 = t - 8. List the prime factors of n.
2, 13291
Let m(u) = u**2 + u. Let l(c) be the second derivative of 5*c**3/6 + 4*c**2 + 3*c. Let y(w) = -l(w) + 3*m(w). List the prime factors of y(7).
5
Let i(t) = 37 + 4 + 17 - 9*t. Suppose 122*v + 2574 = -21*v. What are the prime factors of i(v)?
2, 5, 11
Let m(v) = v**3 + 9*v**2 + 3*v - 22. Let q = -28 + 4. Let n = 16 + q. List the prime factors of m(n).
2, 3
Suppose 4*s = -w + 2077, 5*s - 4171 = -2*w - 1574. List the prime factors of s - (-8)/3*21/(-14).
5, 103
Let p(g) = -75*g**3 - 3*g**2 - 3*g - 1. Let j be p(-1). Suppose 80*r - 168 = j*r. List the prime factors of r.
2, 7
Let v(w) = w**3 + 10*w**2 - 12*w + 8. Let n be v(-6). Let u = -33 + n. List the prime factors of u.
191
Let o = 70299 + -27299. List the prime factors of o.
2, 5, 43
Let f(k) be the first derivative of -5/3*k**3 + 3*k**2 - 20 + 7/4*k**4 - 5*k. What are the prime factors of f(3)?
157
Suppose -4*t = -3*w + 39578, -75*w + 70*w - 2*t = -66024. List the prime factors of w.
2, 7, 23, 41
Suppose -t + 73177 = 20*v - 19*v, -2*t - v = -146347. What are the prime factors of t?
2, 3, 5, 271
Let z = 950 + 8970. What are the prime factors of z?
2, 5, 31
Suppose 11 = -q - c, -3*q + 0*q - 4*c - 36 = 0. Let v be ((-1)/3)/(4/(-976 + q)). Let y = v - -151. List the prime factors of y.
233
Let k(h) = 5*h + 43. Let u be k(-9). Let i be 7 + 1 + 0 + (u - 0). List the prime factors of (-156)/8*(-56)/i.
2, 7, 13
Let l(m) be the second derivative of -113*m**5/10 - m**4/12 - m**3/6 + 4*m + 2. List the prime factors of l(-1).
2, 113
Suppose -2*w - 406 = 1036. Let p = 1217 + w. What are the prime factors of p?
2, 31
Let x = 104 + 601. List the prime factors of x - (5 - (0 - (-2 + -3))).
3, 5, 47
Let l = -130 - -127. Suppose 4*z + 326 = -42. List the prime factors of 9/l + z/(-1).
89
Suppose 740825 + 1557383 + 216032 = 96*b. List the prime factors of b.
2, 3, 5, 97
Let i be (54/45)/(4/(-10)). Let z be (i/(-9) + 0)*(-2 - 7). Let t(f) = -37*f + 4. List the prime factors of t(z).
5, 23
Let h(v) be the first derivative of -5*v**2/2 + 29*v - 5. Suppose -26 - 34 = 4*p. What are the prime factors of h(p)?
2, 13
Let i = 12 - 12. Let z(v) = v**2 - v + 295. Let x be z(0). Suppose i*d + x = 5*d - s, 3*d = -3*s + 177. List the prime factors of d.
59
Suppose -w = -4*d - 6*w - 9, -8 = 3*d + 4*w. Let k be 30/d*(-10)/(-5) - 3. Suppose -8*u + k*u = 56. List the prime factors of u.
2, 7
Suppose 71*s - 545*s = -23709006. List the prime factors of s.
3, 16673
Let h(d) = -d**3 + 23*d**2 - 42*d + 34. Let i(v) = 3*v**3 - 45*v**2 + 85*v - 70. Let t(j) = -5*h(j) - 2*i(j). What are the prime factors of t(-27)?
2, 3, 29
Suppose 2*z - 74689 = -2*k + 12475, 4*z + 5*k - 174323 = 0. List the prime factors of z.
3, 29, 167
Let q = 1193 - 693. Suppose -2*j + 244 = -q. What are the prime factors of j?
2, 3, 31
Let g = -212 + 51. Let s = -115 - g. Suppose -s = n - 2*n + 4*z, 0 = 2*z - 2. List the prime factors of n.
2, 5
Let n(b) = 71*b**3 + 28*b**2 - 10*b + 87. What are the prime factors of n(8)?
3, 157
Suppose 0 = -r - 2*m - 8, -r + 2*m + 38 = -5*r. List the prime factors of (-12)/r*(0 - 1525/(-10)).
3, 61
Let o(m) = -8*m**2 + 13 - 9*m + 12 + 38*m**2 - 8. What are the prime factors of o(2)?
7, 17
Let j(i) = -23*i**3 - 4*i**2 + 22*i**3 - 3*i**2 + 17. Let y be j(-8). What are the prime factors of 1 - (-205)/9 - (-18)/y?
2, 3
Let f = 2471 - 4550. Let a = -543 - f. List the prime factors of a.
2, 3
Let y be (-9)/3 + (-1 - -6). Let q = y - -271. List the prime factors of q.
3, 7, 13
Suppose 16*t - 108782 = -7934. What are the prime factors of t?
3, 11, 191
Let r(v) = -v**3 + 5*v**2 - 5*v + 1. Let l be r(4). Let m be ((-3)/l - -4) + 0 + -1. Suppose m*a - 2*a - 142 = 0. List the prime factors of a.
71
Suppose 2*r = 5*h + 28, 14*h + 42 = 3*r + 10*h. Suppose 4*k + 10 = f, 2*f + k = 6*k + r. What are the prime factors of f?
2
Suppose -15*o = -4*o - 44. What are the prime factors of 1583/o + (315/(-36) - -8)?
5, 79
Let p(x) = 3*x**3 + 2*x - 23 + 24 + x**3 + 5*x**2 - 6*x**3. Let v be p(4). Let y = 57 + v. What are the prime factors of y?
2, 3
Let v = -58 - -61. Suppose -5*i = -2*s - 32, 0 = 2*i + v*s + 2*s - 7. What are the prime factors of i?
2, 3
Let w(u) be the third derivative of 0 - 1/4*u**4 - 15*u**2 + 7/2*u**3 + 0*u + 1/20*u**5. What are the prime factors of w(6)?
3, 31
Suppose -2*w - k + 998 = 0, 4*k = -4*w + 3*k + 1998. Let h = w - -455. What are the prime factors of h?
5, 191
Let h(k) = 19*k**2 + 2*k + 1. Let i be h(-1). Let u be 4/(-8) - i/(-4). Suppose -149 = -u*o - 49. What are the prime factors of o?
5
Let a(j) = 13*j**3 - 9*j**2 + 10*j - 33. Let r(s) = 4*s**3 - 4*s**2 + 3*s - 11. Let p(v) = 2*a(v) - 7*r(v). List the prime factors of p(-6).
809
Let g(r) = 15*r**2 - 32*r**2 + 1 - 15 + 18*r**2 - 18*r. List the prime factors of g(27).
229
Suppose -4*v = -i + 5960, -2*i = 8*v - 13*v - 11926. What are the prime factors of i?
2, 373
Let w = -37532 + 83227. What are the prime factors of w?
5, 13, 19, 37
Let d be (-1)/(-3) + 70/15. Let q(w) = 3*w**2 + 15 + 0*w + 0*w + 9*w - 8*w**2 + 8*w**2. List the prime factors of q(d).
3, 5
Let b(r) = 10 - 17 - r + 11*r + 2*r**2. Let n be b(-8). Let j = n - 15. List the prime factors of j.
2, 13
Suppose -92 = -5*n - 82, 3*n - 1866 = -3*m. List the prime factors of m.
2, 5, 31
Suppose -3*y = -15, 3*y = -21*i + 26*i. What are the prime factors of i/(120/(-16)) - (-4467)/5?
19, 47
Let q(k) = 5*k + 86. Suppose 0 = -0*v + 3*v - 3*i - 45, -3*v = -5*i - 39. What are the prime factors of q(v)?
2, 11
Let i(d) = -3*d + 2 + d**2 + d**2 - 7. Let f = 3789 - 3792. What are the prime factors of i(f)?
2, 11
Suppose -20*o + 0*o - 47*o = -90316. List the prime factors of o.
2, 337
What are the prime factors of 7/((-49)/7098)*(-90)/12?
3, 5, 13
Let v = 86 + 246. Let u = -95 + v. List the prime factors of u.
3, 79
Let u = 7227 - 6175. What are the prime factors of u?
2, 263
Let d = -510 - -148. Let b = -236 - d. Suppose 0 = -4*j - s + 504, 3*j + s + b = 4*j. List the prime factors of j.
2, 3, 7
Suppose 5152 - 35200 = -2*c. What are the prime factors of c?
2, 3, 313
Let h = -40 - -44. Suppose 7*x = h*x. Suppose x*s - 99 = -s. List the prime factors of s.
3, 11
Let f(z) = -12*z + 44. Let v be f(5). Let h(i) = -2*i**3 - 31*i**2 - 21*i + 18. List the prime factors of h(v).
2, 5, 61
Suppose 5*n + 20 + 5 = d, 0 = 3*d - 5*n - 45. List the prime factors of (1268/10)/(4/d).
317
Let i(n) = 24*n**2 + 10*n + 3. Let m be (-30)/2*(-6 + (-64)/(-10)). List the prime factors of i(m).
3, 269
Let w(q) = 80*q - 23. Let d(u) = u. Let f(m) = -3*d(m) + w(m). Suppose 54 - 14 = -92*x + 224. What are the prime factors of f(x)?
131
Suppose -79*o + 68*o = -88. Let w(u) = 52*u + 121. List the prime factors of w(o).
3, 179
Suppose -9*l + 5*l = -8. Suppose l*y - 17550 = -37*y. What are the prime factors of y?
2, 3, 5
Let j be (-6)/4*(0 - 2/1). Let m(q) = -6*q**2 + 15*q**2 - 2 - 7*q**2 + 1 - 25*q**j. List the prime factors of m(-1).
2, 13
Let x be (-1 - -2)*(-2 + (-30)/(-6)). List the prime factors of -5 + x - (12 - 1728).
2, 857
Let x(w) = 17*w - 328. Let v be x(3). Suppose -3*u - 425 = -170. Let m = u - v. List the prime factors of m.
2, 3
Let b(w) = w**3 + 11*w**2 + 8*w - 13. Let f be b(-10). Let q(t) = 32*t + 128. List the prime factors of q(f).
2, 11
Suppose 4*t + 2*v - 44 = -0*t, 2*v - 33 = -3*t. Let n(r) = 4*r**2 - 19*r + 15. What are the prime factors of n(t)?
2, 5, 29
Suppose 6*x + 15 = 11*x. Let h be (x/(-2))/(30/(-60)). Suppose 3*s + 450 = h*w, w + 4*s - 2*s = 153. List the prime factors of w.
151
Suppose 3*m - 129 = -423. Let s = m + 220. List the prime factors of s.
2, 61
Let s be 0 + (-2)/(-17) - (-320)/170. Let f = s + 0. List the prime factors of 3*f/12*82.
41
List the prime factors of (-1)/(3915711/195786 + -20).
2, 73, 149
Suppose 5*o = 2*x + 7636, -o - x + 2027 - 504 = 0. Let d = o + -1059. What are the prime factors of d?
467
Let b = -2208 + 6282. What are the prime factors of b?
2, 3, 7, 97
Let u(f) = f**3 - 15*f**2 - 13*f + 3. Let w(s) = 20*s + 1. Let o be w(-2). Let t = o - -55. List the prime factors of u(t).
3, 17
Let f(w) = -2*w**2 - 5*w + 19. Let k be f(-4). Suppose 